 o.
151
Let t(y) = -54*y - 78. Let j be t(-4). Suppose 0 = 5*c + i - 37 - j, 0 = -i + 5. What is the remainder when 168 is divided by c?
32
Let u(y) = -y + 32. Let l be u(-14). Suppose 4*d - l = -14. Suppose s - 23 + d = -x, 0 = -5*s + 3*x + 67. Calculate the remainder when 32 is divided by s.
4
Suppose 3*o - 409 = -22*h + 14*h, 3*h = -o + 153. What is the remainder when 547 is divided by h?
47
Let z be -4 + 2 + (-3 - -46). Let s = z + -23. Calculate the remainder when 53 is divided by s.
17
Let j = 36735 - 36713. Suppose -2*r + 126 = -0*r. What is the remainder when r is divided by j?
19
Let a be 11 + -5 - -1 - -438. Suppose a*f - 454*f + 72 = 0. What is the remainder when 57 is divided by f?
1
Let q = 4489 + -4355. What is the remainder when q is divided by (-4)/2 - (-54)/2?
9
Let b = 10 - 2. Calculate the remainder when ((-106)/(-265))/(-3 + 1941/645) is divided by b.
3
Suppose -n = f - 254, -42*n + 43*n + 2*f = 250. What is the remainder when n is divided by 45?
33
Suppose 0 = -2*a - 6, 4*l + 3*a = -0*l + 7. Suppose 43*h - 16065 = -146*h. Calculate the remainder when h is divided by l.
1
Suppose 0 = -2*q - 3*m + 27, -4*m + 1 = -3*q - 1. Suppose q*c - 11*c = -535. Let j = 1185 + -1162. Calculate the remainder when c is divided by j.
15
Let c = 14 + 1. Let w = 58 + c. Calculate the remainder when w is divided by (-60 - -58)/(1*2)*-15.
13
Let g = 221 + -130. Suppose 87*u + 168 = g*u. What is the remainder when u is divided by 16?
10
Let i be (-1)/9 + 4716/162. Suppose j - 5*u = -2 + 10, -2*j - 3*u = -i. Calculate the remainder when j is divided by 1.
0
Let i(h) = h**2 - 16*h + 33. Let a be i(14). Suppose -62 = -a*r + 8. Suppose -16 = -5*s + 4. What is the remainder when r is divided by s?
2
Let y(p) = 152*p - 62. Let h be y(21). Suppose -c + m = 4*c - 3905, -4*c + 2*m = -h. Suppose -c = 4*i - 24*i. Calculate the remainder when i is divided by 6.
3
Let l = 5340 - 5031. What is the remainder when l is divided by 55?
34
Let p(i) = -876*i - 1198. Calculate the remainder when p(-10) is divided by 89.
86
Let p = -9557 - -12113. Calculate the remainder when p is divided by 638.
4
What is the remainder when 1135 + (4 - (-1 + 8)) is divided by 14?
12
Suppose -v + w + 131 = 0, -6*v - 119 = -7*v - 2*w. Calculate the remainder when v is divided by 67.
60
Let t = -268 - -299. Suppose 48*r = 5*k + 47*r - 541, -4*k + 428 = 4*r. What is the remainder when k is divided by t?
15
Let t = -27 - -77. Suppose 3*i - 198 - 159 = 0. Suppose i = 20*c - 13*c. Calculate the remainder when t is divided by c.
16
Let a = -8798 + 8825. Calculate the remainder when 9609 is divided by a.
24
Let a = -274 + 296. Calculate the remainder when (6 - a/4)*218 is divided by 11.
10
Suppose t - 1876 - 1277 = 4*x, -4*t = 3*x - 12574. What is the remainder when t is divided by 22?
21
What is the remainder when (-8)/(-5)*(232 + 278) is divided by 266?
18
Suppose 14 = 3*m - 13. Let a(i) = -3*i + 49. Suppose 5*o = 312 + 8. What is the remainder when o is divided by a(m)?
20
Let c = 162 - 154. Suppose -2*w - 4*f = -76, 0 = 5*w + 2*f - 142 - c. Calculate the remainder when 78 is divided by w.
22
What is the remainder when (7/((-7)/6))/(27245/(-1009) - -27) is divided by 430?
17
Suppose 1693 = -3*a + x, -5*x = -14 + 24. Let m = a - -688. Calculate the remainder when m is divided by 18.
15
Suppose 48*c + 12*c - 840 = 0. Calculate the remainder when 39 is divided by c.
11
Suppose -40 = 2*l - 12*l. Suppose -4*h + l*o = -556, -5*o + 10 = -0*o. Calculate the remainder when h is divided by 48.
45
Suppose -8*j + 0*j = 379 - 2379. Calculate the remainder when j is divided by 77.
19
Let g(l) = -l**2 + 3*l**3 - 11 + 124*l - 128*l + 2*l**2. Calculate the remainder when g(3) is divided by 5.
2
Suppose -12 = -0*f - 3*f. Suppose 3*o - 75 = -5*p + 540, -492 = -f*p + 3*o. Suppose -29 + p = g. Calculate the remainder when g is divided by 19.
18
Suppose 2 = -t + 348. What is the remainder when t is divided by (-9 + -68)/(-11) + 51?
56
Suppose -70865 = -280*n + 21815. Calculate the remainder when n is divided by 289.
42
Suppose 2*b - 244 = 5*j, -7*b - 2*j = -10*b + 333. What is the remainder when 411 is divided by b?
90
Let g(j) = -18*j + 11 - j + 8*j. Let l be g(3). Calculate the remainder when 21 is divided by (-10 - -8)*l/4.
10
Suppose 1937*g = 1955*g - 178434. Calculate the remainder when g is divided by 148.
145
Suppose i - 6*i = -3*x + 73, 0 = -4*x - 3*i + 107. Suppose -7*u + 5*u = -x. What is the remainder when 22 is divided by u?
9
Let b(m) = 8*m + 1. Suppose -v = 2*v - 3. Calculate the remainder when 24 - 3*28/12 is divided by b(v).
8
Let m = -4335 - -4457. Calculate the remainder when 376 is divided by m.
10
Suppose -7*v + 3*v + 2*f + 1392 = 0, -2*f = 8. Let l = v - 72. Suppose 0 = i + m - 187, -3*i + l = m - 283. Calculate the remainder when i is divided by 47.
44
Let l be (-832)/(-12) - (57/9 - 7). Suppose -19*h = -l*h + 5508. Calculate the remainder when h is divided by 47.
14
Let w(i) = -4*i**2 - 159*i + 178. What is the remainder when 1506 is divided by w(-28)?
12
Suppose c + 5*h - 30 = 0, 3*h = 2*c - 6*c + 35. Let j(s) = 9*s + 10. Let u be j(c). Suppose -u - 65 = -5*y. What is the remainder when 46 is divided by y?
22
Let c(q) = q**2 - 508*q - 6629. Calculate the remainder when 1868 is divided by c(-13).
140
Suppose -3*l + 4 = 5*m - 149, 0 = -m - 3*l + 33. What is the remainder when 209 is divided by m?
29
Suppose 0 = 154*u - 2403 - 7992 - 1771. Calculate the remainder when 422 is divided by u.
27
Suppose 30*j + 22*j = 233709 + 935095. Calculate the remainder when j is divided by 40.
37
Suppose -4*i + 2682 = 3*h + 771, 0 = -h + 2*i + 627. What is the remainder when h is divided by 107?
98
Suppose 0 = 34*z - 3515 + 47. What is the remainder when 713 is divided by z?
101
Calculate the remainder when 221912/52 - (-414)/897 is divided by 12.
8
Let c be -2 + 2 + -2 - -102. Let a = 2309 - 2305. Suppose 9*y - c = a*y. What is the remainder when 38 is divided by y?
18
Let x = 29 - 18. Suppose 3*w - 32 = -x. Calculate the remainder when (-1 - (-4)/12)*(2 - 20) is divided by w.
5
Suppose -9*z = 345 - 534. What is the remainder when 306 is divided by z?
12
Suppose 5*b - 91 = 4*b + k, 4*k - 4 = 0. Calculate the remainder when b is divided by 20.
12
Suppose 10*b - 8 = 18*b. Calculate the remainder when 71 is divided by (42/(-36) - b)*-138.
2
Suppose -15*j - 17 + 122 = 0. What is the remainder when j is divided by 6?
1
Suppose 0 = -u + 51 - 136. Let k = -23 - u. What is the remainder when (-22 + k)*(-5)/(-2) is divided by 27?
19
Suppose -4*y = -3*t + 1010, 2*t - 635 = 596*y - 601*y. What is the remainder when t is divided by 83?
81
Let z be (6 - 1)*9 + 2. Let u = 125 - z. What is the remainder when u is divided by 10?
8
Let b(p) = -p**3 + 6*p**2 + 2*p - 3. Suppose 285*a - 25709 = -8422 + 8648. Calculate the remainder when a is divided by b(5).
27
Suppose -4*t + 104 = -0*t. Suppose -164*f + 154*f + 470 = 0. Let c = t + f. Calculate the remainder when c is divided by 28.
17
Calculate the remainder when 649 is divided by (290 - 228)*(-1)/(-2).
29
Let g = 47 + 55. Calculate the remainder when 129 is divided by g.
27
Calculate the remainder when 536 is divided by (183/854 + (-90)/28)/(3/(-118)).
64
Let p = -347 - -125. Let m = p + 399. Calculate the remainder when m is divided by 45.
42
What is the remainder when 15 + 20/(340/11441) is divided by 26?
12
Let b = 2517 + 1057. Calculate the remainder when b is divided by 55.
54
Let p(z) = z - 13. Let q be p(18). Suppose 2*v - q*v = -84. Calculate the remainder when 136 is divided by v.
24
Let j = 925 - 915. Suppose 2*r - 5*r + 51 = 0. Calculate the remainder when r is divided by j.
7
Suppose 19691 - 21550 = -13*b. What is the remainder when b is divided by 21?
17
Calculate the remainder when 1740 is divided by ((-9152)/(-12))/11 + (-63)/27.
65
Suppose 0*k = 2*k - 3*a - 26, 6 = 3*a. What is the remainder when 55 is divided by -6*(-18)/k + (-13)/(-52)?
6
Let z = 7004 + -6394. What is the remainder when z is divided by 28?
22
Suppose 1265*s = 1262*s + 15. Suppose -2*k + 31 = r, -5*r + 42 = s*k - 43. What is the remainder when k is divided by -4*2/(-20)*15?
2
Suppose -594 = 615*d - 605*d - 1864. Let h(l) = 2*l**3 - 3*l**2 - l - 1. What is the remainder when d is divi